{"id":4359,"date":"2024-01-13T17:38:59","date_gmt":"2024-01-13T20:38:59","guid":{"rendered":"http:\/\/www.dircealves.com.br\/ljda\/?post_type=product&#038;p=4359"},"modified":"2024-11-22T13:06:35","modified_gmt":"2024-11-22T16:06:35","slug":"colar-signo-aries-12-mm","status":"publish","type":"product","link":"https:\/\/www.dircealves.com.br\/ljda\/produto\/colar-signo-aries-12-mm\/","title":{"rendered":"Colar Signo \u00c1ries 12 mm"},"content":{"rendered":"<p><strong>Caracter\u00edsticas deste signo:<\/strong><\/p>\n<p>Nascidos entre 21\/03 e 20\/04, arianos s\u00e3o din\u00e2micos e sinceros. Quem tem sol em \u00c1ries costuma ter um forte contato com a sua individualidade, tendem a ser alegres e muito extrovertidos, mas tamb\u00e9m podem ser bastante competitivos e soar um pouco autorit\u00e1rios. Podem preferir trabalhar sozinhos, mas costumam ter um \u00f3timo esp\u00edrito de lideran\u00e7a. Sua vida \u00e9 motivada por desafios.<\/p>\n<p>Quem tem o signo de \u00c1ries em posi\u00e7\u00e3o marcante no Mapa Astral de nascimento, geralmente, n\u00e3o se cansa com facilidade; sua disposi\u00e7\u00e3o e resist\u00eancia f\u00edsicas podem ser invejadas por todos os outros signos. \u00c1ries \u00e9 direto para alcan\u00e7ar suas metas e, em casos de pouca maturidade, arianas e arianos podem gostar de criar rivalidades e ser um tanto quanto mand\u00f5es. Marte como regente refor\u00e7a o perfil guerreiro do signo e tamb\u00e9m sinaliza poss\u00edveis explos\u00f5es emocionais.<\/p>\n<p>&nbsp;<\/p>\n<p><strong>Informa\u00e7\u00f5es sobre o Pingente:<\/strong><br \/>\n\u2022 12 mm<br \/>\n\u2022 Composi\u00e7\u00e3o: lat\u00e3o<br \/>\n\u2022 Banhado em metal nobre hipoalerg\u00eanico: R\u00f3dio ou Ouro<\/p>\n<p><strong>Op\u00e7\u00f5es de Finaliza\u00e7\u00e3o:<\/strong><br \/>\n\u2022 Corrente nos tamanhos 45cm ou 60cm banhadas em metal nobre hipoalerg\u00eanico: R\u00f3dio ou Ouro. Material: lat\u00e3o<br \/>\n\u2022 Cord\u00e3o de camur\u00e7a com fecho banhado em metal nobre hipoalerg\u00eanico: R\u00f3dio ou Ouro<\/p>\n<p><strong>Cuidados:<\/strong>\u00a0Produtos qu\u00edmicos podem reagir com as pe\u00e7as e alter\u00e1-las. Guarde-a em local apropriado; n\u00e3o deixe sobre a pia; n\u00e3o use para ir \u00e0 academia, praia, piscina e similares; n\u00e3o aplique perfumes, cremes, sabonetes e similares.<\/p>\n<p>A cor real do produto pode ter diferen\u00e7as em rela\u00e7\u00e3o \u00e0 foto.<\/p>\n","protected":false},"excerpt":{"rendered":"<p>Caracter\u00edsticas deste signo: Nascidos entre 21\/03 e 20\/04, arianos s\u00e3o din\u00e2micos e sinceros. Quem tem sol em \u00c1ries costuma ter um forte contato com a sua individualidade, tendem a ser alegres e muito extrovertidos, mas tamb\u00e9m podem ser bastante competitivos e soar um pouco autorit\u00e1rios. Podem preferir trabalhar sozinhos, mas costumam ter um \u00f3timo esp\u00edrito [&hellip;]<\/p>\n","protected":false},"featured_media":4362,"comment_status":"open","ping_status":"closed","template":"","meta":{"site-sidebar-layout":"default","site-content-layout":"","ast-site-content-layout":"default","site-content-style":"default","site-sidebar-style":"default","ast-global-header-display":"","ast-banner-title-visibility":"","ast-main-header-display":"","ast-hfb-above-header-display":"","ast-hfb-below-header-display":"","ast-hfb-mobile-header-display":"","site-post-title":"","ast-breadcrumbs-content":"","ast-featured-img":"","footer-sml-layout":"","ast-disable-related-posts":"","theme-transparent-header-meta":"default","adv-header-id-meta":"","stick-header-meta":"","header-above-stick-meta":"","header-main-stick-meta":"","header-below-stick-meta":"","astra-migrate-meta-layouts":"set","ast-page-background-enabled":"default","ast-page-background-meta":{"desktop":{"background-color":"","background-image":"","background-repeat":"repeat","background-position":"center center","background-size":"auto","background-attachment":"scroll","background-type":"","background-media":"","overlay-type":"","overlay-color":"","overlay-opacity":"","overlay-gradient":""},"tablet":{"background-color":"","background-image":"","background-repeat":"repeat","background-position":"center center","background-size":"auto","background-attachment":"scroll","background-type":"","background-media":"","overlay-type":"","overlay-color":"","overlay-opacity":"","overlay-gradient":""},"mobile":{"background-color":"","background-image":"","background-repeat":"repeat","background-position":"center center","background-size":"auto","background-attachment":"scroll","background-type":"","background-media":"","overlay-type":"","overlay-color":"","overlay-opacity":"","overlay-gradient":""}},"ast-content-background-meta":{"desktop":{"background-color":"var(--ast-global-color-5)","background-image":"","background-repeat":"repeat","background-position":"center center","background-size":"auto","background-attachment":"scroll","background-type":"","background-media":"","overlay-type":"","overlay-color":"","overlay-opacity":"","overlay-gradient":""},"tablet":{"background-color":"var(--ast-global-color-5)","background-image":"","background-repeat":"repeat","background-position":"center center","background-size":"auto","background-attachment":"scroll","background-type":"","background-media":"","overlay-type":"","overlay-color":"","overlay-opacity":"","overlay-gradient":""},"mobile":{"background-color":"var(--ast-global-color-5)","background-image":"","background-repeat":"repeat","background-position":"center center","background-size":"auto","background-attachment":"scroll","background-type":"","background-media":"","overlay-type":"","overlay-color":"","overlay-opacity":"","overlay-gradient":""}}},"product_brand":[],"product_cat":[56],"product_tag":[],"class_list":{"0":"post-4359","1":"product","2":"type-product","3":"status-publish","4":"has-post-thumbnail","6":"product_cat-amuletos-e-joias","7":"desktop-align-center","8":"tablet-align-center","9":"mobile-align-center","11":"first","12":"instock","13":"shipping-taxable","14":"purchasable","15":"product-type-simple"},"_links":{"self":[{"href":"https:\/\/www.dircealves.com.br\/ljda\/wp-json\/wp\/v2\/product\/4359","targetHints":{"allow":["GET"]}}],"collection":[{"href":"https:\/\/www.dircealves.com.br\/ljda\/wp-json\/wp\/v2\/product"}],"about":[{"href":"https:\/\/www.dircealves.com.br\/ljda\/wp-json\/wp\/v2\/types\/product"}],"replies":[{"embeddable":true,"href":"https:\/\/www.dircealves.com.br\/ljda\/wp-json\/wp\/v2\/comments?post=4359"}],"wp:featuredmedia":[{"embeddable":true,"href":"https:\/\/www.dircealves.com.br\/ljda\/wp-json\/wp\/v2\/media\/4362"}],"wp:attachment":[{"href":"https:\/\/www.dircealves.com.br\/ljda\/wp-json\/wp\/v2\/media?parent=4359"}],"wp:term":[{"taxonomy":"product_brand","embeddable":true,"href":"https:\/\/www.dircealves.com.br\/ljda\/wp-json\/wp\/v2\/product_brand?post=4359"},{"taxonomy":"product_cat","embeddable":true,"href":"https:\/\/www.dircealves.com.br\/ljda\/wp-json\/wp\/v2\/product_cat?post=4359"},{"taxonomy":"product_tag","embeddable":true,"href":"https:\/\/www.dircealves.com.br\/ljda\/wp-json\/wp\/v2\/product_tag?post=4359"}],"curies":[{"name":"wp","href":"https:\/\/api.w.org\/{rel}","templated":true}]}}