{"id":4270,"date":"2023-12-27T00:00:18","date_gmt":"2023-12-27T03:00:18","guid":{"rendered":"http:\/\/www.dircealves.com.br\/ljda\/?post_type=product&#038;p=4270"},"modified":"2024-12-11T19:33:16","modified_gmt":"2024-12-11T22:33:16","slug":"clorella-60-capsulas","status":"publish","type":"product","link":"https:\/\/www.dircealves.com.br\/ljda\/produto\/clorella-60-capsulas\/","title":{"rendered":"Clorella 60 c\u00e1psulas"},"content":{"rendered":"<p>A Clorella \u00e9 uma alga unicelular, melhor fonte de clorofila, e muito utilizada pela capacidade desintoxicante. Ela \u00e9 fonte de agentes antioxidantes, e atua fortemente contra os radicais livres que rondam o organismo. Como fonte de clorofila, auxilia no fortalecimento do sistema circulat\u00f3rio, contribui para a absor\u00e7\u00e3o de ferro e oxig\u00eanio do organismo, diminuindo o risco de anemia.<\/p>\n<p><strong>Ingredientes<\/strong><\/p>\n<p>Clorella em p\u00f3. C\u00e1psula: HPMC (Hidroxipropilmetilcelulose) e \u00c1gua (C\u00e1psula Vegetal). N\u00c3O CONT\u00c9M GL\u00daTEN.<\/p>\n<p><strong>Recomenda\u00e7\u00e3o de Uso<\/strong><\/p>\n<p>&#8220;Ingerir 4 c\u00e1psulas ao dia. **Importante ingest\u00e3o de \u00e1gua &#8221;<\/p>\n<p><strong>Sinergia de Vitaminas e Minerias<\/strong><\/p>\n<p>&#8220;Associar ao ferro e vitamina B12, para casos de prote\u00e7\u00e3o contra anemia. &#8221;<\/p>\n<p>&nbsp;<\/p>\n<p><span style=\"color: #999999;\"><em>Obs.:\u00a0 imagem do produto pode variar um pouco, mais a marca e a qualidade do mesmo s\u00e3o as mesmas, s\u00f3 atualiza\u00e7\u00e3o de embalagem!<\/em><\/span><\/p>\n","protected":false},"excerpt":{"rendered":"<p>A Clorella \u00e9 uma alga unicelular, melhor fonte de clorofila, e muito utilizada pela capacidade desintoxicante. Ela \u00e9 fonte de agentes antioxidantes, e atua fortemente contra os radicais livres que rondam o organismo. Como fonte de clorofila, auxilia no fortalecimento do sistema circulat\u00f3rio, contribui para a absor\u00e7\u00e3o de ferro e oxig\u00eanio do organismo, diminuindo o [&hellip;]<\/p>\n","protected":false},"featured_media":4271,"comment_status":"open","ping_status":"closed","template":"","meta":{"site-sidebar-layout":"default","site-content-layout":"","ast-site-content-layout":"default","site-content-style":"default","site-sidebar-style":"default","ast-global-header-display":"","ast-banner-title-visibility":"","ast-main-header-display":"","ast-hfb-above-header-display":"","ast-hfb-below-header-display":"","ast-hfb-mobile-header-display":"","site-post-title":"","ast-breadcrumbs-content":"","ast-featured-img":"","footer-sml-layout":"","ast-disable-related-posts":"","theme-transparent-header-meta":"default","adv-header-id-meta":"","stick-header-meta":"","header-above-stick-meta":"","header-main-stick-meta":"","header-below-stick-meta":"","astra-migrate-meta-layouts":"set","ast-page-background-enabled":"default","ast-page-background-meta":{"desktop":{"background-color":"","background-image":"","background-repeat":"repeat","background-position":"center center","background-size":"auto","background-attachment":"scroll","background-type":"","background-media":"","overlay-type":"","overlay-color":"","overlay-opacity":"","overlay-gradient":""},"tablet":{"background-color":"","background-image":"","background-repeat":"repeat","background-position":"center center","background-size":"auto","background-attachment":"scroll","background-type":"","background-media":"","overlay-type":"","overlay-color":"","overlay-opacity":"","overlay-gradient":""},"mobile":{"background-color":"","background-image":"","background-repeat":"repeat","background-position":"center center","background-size":"auto","background-attachment":"scroll","background-type":"","background-media":"","overlay-type":"","overlay-color":"","overlay-opacity":"","overlay-gradient":""}},"ast-content-background-meta":{"desktop":{"background-color":"var(--ast-global-color-5)","background-image":"","background-repeat":"repeat","background-position":"center center","background-size":"auto","background-attachment":"scroll","background-type":"","background-media":"","overlay-type":"","overlay-color":"","overlay-opacity":"","overlay-gradient":""},"tablet":{"background-color":"var(--ast-global-color-5)","background-image":"","background-repeat":"repeat","background-position":"center center","background-size":"auto","background-attachment":"scroll","background-type":"","background-media":"","overlay-type":"","overlay-color":"","overlay-opacity":"","overlay-gradient":""},"mobile":{"background-color":"var(--ast-global-color-5)","background-image":"","background-repeat":"repeat","background-position":"center center","background-size":"auto","background-attachment":"scroll","background-type":"","background-media":"","overlay-type":"","overlay-color":"","overlay-opacity":"","overlay-gradient":""}}},"product_brand":[],"product_cat":[25],"product_tag":[],"class_list":{"0":"post-4270","1":"product","2":"type-product","3":"status-publish","4":"has-post-thumbnail","6":"product_cat-capsulas","7":"desktop-align-center","8":"tablet-align-center","9":"mobile-align-center","11":"first","12":"instock","13":"shipping-taxable","14":"purchasable","15":"product-type-simple"},"_links":{"self":[{"href":"https:\/\/www.dircealves.com.br\/ljda\/wp-json\/wp\/v2\/product\/4270","targetHints":{"allow":["GET"]}}],"collection":[{"href":"https:\/\/www.dircealves.com.br\/ljda\/wp-json\/wp\/v2\/product"}],"about":[{"href":"https:\/\/www.dircealves.com.br\/ljda\/wp-json\/wp\/v2\/types\/product"}],"replies":[{"embeddable":true,"href":"https:\/\/www.dircealves.com.br\/ljda\/wp-json\/wp\/v2\/comments?post=4270"}],"wp:featuredmedia":[{"embeddable":true,"href":"https:\/\/www.dircealves.com.br\/ljda\/wp-json\/wp\/v2\/media\/4271"}],"wp:attachment":[{"href":"https:\/\/www.dircealves.com.br\/ljda\/wp-json\/wp\/v2\/media?parent=4270"}],"wp:term":[{"taxonomy":"product_brand","embeddable":true,"href":"https:\/\/www.dircealves.com.br\/ljda\/wp-json\/wp\/v2\/product_brand?post=4270"},{"taxonomy":"product_cat","embeddable":true,"href":"https:\/\/www.dircealves.com.br\/ljda\/wp-json\/wp\/v2\/product_cat?post=4270"},{"taxonomy":"product_tag","embeddable":true,"href":"https:\/\/www.dircealves.com.br\/ljda\/wp-json\/wp\/v2\/product_tag?post=4270"}],"curies":[{"name":"wp","href":"https:\/\/api.w.org\/{rel}","templated":true}]}}