{"id":4263,"date":"2023-12-26T23:37:18","date_gmt":"2023-12-27T02:37:18","guid":{"rendered":"http:\/\/www.dircealves.com.br\/ljda\/?post_type=product&#038;p=4263"},"modified":"2024-12-11T19:36:57","modified_gmt":"2024-12-11T22:36:57","slug":"omega-3-1000mg-oleo-de-peixe-120-capsulas","status":"publish","type":"product","link":"https:\/\/www.dircealves.com.br\/ljda\/produto\/omega-3-1000mg-oleo-de-peixe-120-capsulas\/","title":{"rendered":"\u00d4mega 3 1000mg &#8211; \u00d3leo de Peixe 120 c\u00e1psulas"},"content":{"rendered":"<p>O \u00f4mega 3 possui a\u00e7\u00e3o anti-inflamat\u00f3ria e tamb\u00e9m tem um papel muito importante no desenvolvimento cerebral, sendo essencial para o funcionamento e manuten\u00e7\u00e3o do c\u00e9rebro. O DHA \u00e9 o \u00e1cido respons\u00e1vel por esse benef\u00edcio, pois \u00e9 uma das subst\u00e2ncias que comp\u00f5em o c\u00e9rebro.<\/p>\n<p>Proporciona prote\u00e7\u00e3o contra dist\u00farbios de comportamento e Alzheimer. Contribui na melhora dos sintomas de algumas doen\u00e7as degenerativas.<\/p>\n<p><strong>Ingredientes<\/strong><\/p>\n<p>\u00d3leo de Peixe e Antioxidante Alfa Tocoferol. C\u00e1psula: Gelatina, Umectante Glicerina e \u00c1gua. AL\u00c9RGICOS: CONT\u00c9M DERIVADOS DE PEIXE. N\u00c3O CONT\u00c9M GL\u00daTEN.<\/p>\n<p><strong>Recomenda\u00e7\u00e3o de Uso<\/strong><\/p>\n<p>Ingerir 2 c\u00e1psulas ao dia.<\/p>\n","protected":false},"excerpt":{"rendered":"<p>O \u00f4mega 3 possui a\u00e7\u00e3o anti-inflamat\u00f3ria e tamb\u00e9m tem um papel muito importante no desenvolvimento cerebral, sendo essencial para o funcionamento e manuten\u00e7\u00e3o do c\u00e9rebro. O DHA \u00e9 o \u00e1cido respons\u00e1vel por esse benef\u00edcio, pois \u00e9 uma das subst\u00e2ncias que comp\u00f5em o c\u00e9rebro. Proporciona prote\u00e7\u00e3o contra dist\u00farbios de comportamento e Alzheimer. Contribui na melhora dos [&hellip;]<\/p>\n","protected":false},"featured_media":4264,"comment_status":"open","ping_status":"closed","template":"","meta":{"site-sidebar-layout":"default","site-content-layout":"","ast-site-content-layout":"default","site-content-style":"default","site-sidebar-style":"default","ast-global-header-display":"","ast-banner-title-visibility":"","ast-main-header-display":"","ast-hfb-above-header-display":"","ast-hfb-below-header-display":"","ast-hfb-mobile-header-display":"","site-post-title":"","ast-breadcrumbs-content":"","ast-featured-img":"","footer-sml-layout":"","ast-disable-related-posts":"","theme-transparent-header-meta":"default","adv-header-id-meta":"","stick-header-meta":"","header-above-stick-meta":"","header-main-stick-meta":"","header-below-stick-meta":"","astra-migrate-meta-layouts":"set","ast-page-background-enabled":"default","ast-page-background-meta":{"desktop":{"background-color":"","background-image":"","background-repeat":"repeat","background-position":"center center","background-size":"auto","background-attachment":"scroll","background-type":"","background-media":"","overlay-type":"","overlay-color":"","overlay-opacity":"","overlay-gradient":""},"tablet":{"background-color":"","background-image":"","background-repeat":"repeat","background-position":"center center","background-size":"auto","background-attachment":"scroll","background-type":"","background-media":"","overlay-type":"","overlay-color":"","overlay-opacity":"","overlay-gradient":""},"mobile":{"background-color":"","background-image":"","background-repeat":"repeat","background-position":"center center","background-size":"auto","background-attachment":"scroll","background-type":"","background-media":"","overlay-type":"","overlay-color":"","overlay-opacity":"","overlay-gradient":""}},"ast-content-background-meta":{"desktop":{"background-color":"var(--ast-global-color-5)","background-image":"","background-repeat":"repeat","background-position":"center center","background-size":"auto","background-attachment":"scroll","background-type":"","background-media":"","overlay-type":"","overlay-color":"","overlay-opacity":"","overlay-gradient":""},"tablet":{"background-color":"var(--ast-global-color-5)","background-image":"","background-repeat":"repeat","background-position":"center center","background-size":"auto","background-attachment":"scroll","background-type":"","background-media":"","overlay-type":"","overlay-color":"","overlay-opacity":"","overlay-gradient":""},"mobile":{"background-color":"var(--ast-global-color-5)","background-image":"","background-repeat":"repeat","background-position":"center center","background-size":"auto","background-attachment":"scroll","background-type":"","background-media":"","overlay-type":"","overlay-color":"","overlay-opacity":"","overlay-gradient":""}}},"product_brand":[],"product_cat":[25],"product_tag":[],"class_list":{"0":"post-4263","1":"product","2":"type-product","3":"status-publish","4":"has-post-thumbnail","6":"product_cat-capsulas","7":"desktop-align-center","8":"tablet-align-center","9":"mobile-align-center","11":"first","12":"instock","13":"shipping-taxable","14":"purchasable","15":"product-type-simple"},"_links":{"self":[{"href":"https:\/\/www.dircealves.com.br\/ljda\/wp-json\/wp\/v2\/product\/4263","targetHints":{"allow":["GET"]}}],"collection":[{"href":"https:\/\/www.dircealves.com.br\/ljda\/wp-json\/wp\/v2\/product"}],"about":[{"href":"https:\/\/www.dircealves.com.br\/ljda\/wp-json\/wp\/v2\/types\/product"}],"replies":[{"embeddable":true,"href":"https:\/\/www.dircealves.com.br\/ljda\/wp-json\/wp\/v2\/comments?post=4263"}],"wp:featuredmedia":[{"embeddable":true,"href":"https:\/\/www.dircealves.com.br\/ljda\/wp-json\/wp\/v2\/media\/4264"}],"wp:attachment":[{"href":"https:\/\/www.dircealves.com.br\/ljda\/wp-json\/wp\/v2\/media?parent=4263"}],"wp:term":[{"taxonomy":"product_brand","embeddable":true,"href":"https:\/\/www.dircealves.com.br\/ljda\/wp-json\/wp\/v2\/product_brand?post=4263"},{"taxonomy":"product_cat","embeddable":true,"href":"https:\/\/www.dircealves.com.br\/ljda\/wp-json\/wp\/v2\/product_cat?post=4263"},{"taxonomy":"product_tag","embeddable":true,"href":"https:\/\/www.dircealves.com.br\/ljda\/wp-json\/wp\/v2\/product_tag?post=4263"}],"curies":[{"name":"wp","href":"https:\/\/api.w.org\/{rel}","templated":true}]}}