{"id":3852,"date":"2021-02-08T19:17:41","date_gmt":"2021-02-08T22:17:41","guid":{"rendered":"http:\/\/www.dircealves.com.br\/ljda\/?post_type=product&#038;p=3852"},"modified":"2024-12-11T19:59:52","modified_gmt":"2024-12-11T22:59:52","slug":"condicionador-capilar-de-calendula-dirce-alves","status":"publish","type":"product","link":"https:\/\/www.dircealves.com.br\/ljda\/produto\/condicionador-capilar-de-calendula-dirce-alves\/","title":{"rendered":"CONDICIONADOR CAPILAR DE CAL\u00caNDULA DIRCE ALVES"},"content":{"rendered":"<p><span style=\"color: #000000;\">CONDICIONADOR<\/span> CAPILAR DE CAL\u00caNDULA DIRCE ALVES : Cal\u00eandula \u00e9 um g\u00eanero de plantas pertencentes \u00e0 fam\u00edlia Asteraceae, vulgarmente chamadas cal\u00eandulas ou maravilhas. \u00c9 na fabrica\u00e7\u00e3o de cosm\u00e9ticos que a cal\u00eandula faz o seu reinado: os diversos princ\u00edpios ativos da planta s\u00e3o respons\u00e1veis pelos eficientes efeitos no tratamento de pele e cabelos. A calendulina, por exemplo, um pigmento que d\u00e1 a cor alaranjada \u00e0s p\u00e9talas, presente em boas doses nas flores, juntamente com a resina e a mucilagem, s\u00e3o respons\u00e1veis pelos poderes regeneradores e cicatrizantes. Outros princ\u00edpios aumentam a lista de propriedades da cal\u00eandula, amplamente usada na fabrica\u00e7\u00e3o de shampoos, condicionadores, lo\u00e7\u00f5es e cremes. Ali\u00e1s, ela \u00e9 uma das bases mais utilizadas na fabrica\u00e7\u00e3o de produtos indicados para todos os tipos de cabelo. O condicionador Capilar de Cal\u00eandula Dirce Alves cont\u00e9m extrato preparado com flores de cal\u00eandula, que ajuda a diminuir a oleosidade do couro cabeludo e aumenta a tonicidade dos cabelos. No caso de cabelos secos, o condicionador reequilibra os poros do couro cabeludo, desembara\u00e7ando, hidratando e amaciando os cabelos. O extrato natural de Cal\u00eandula ajuda a manter o equil\u00edbrio dos cabelos, refor\u00e7ando as barreiras de prote\u00e7\u00e3o do couro cabeludo. O condicionador Capilar de Cal\u00eandula Dirce Alves, amacia,condiciona, desembara\u00e7a e facilita o pentear, deixando os cabelos macios e brilhosos. Composto com o extrato de Cal\u00eandula que confere aos cabelos propriedades emolientes, hidratantes e suavizantes. Produzido dentro dos melhores par\u00e2metros de qualidade e com exclusividade para Dirce Alves, pela Natuphitus Ind. Com. de Cosm\u00e9ticos Ltda.<\/p>\n<p>&nbsp;<\/p>\n<p>Agora ficou mais f\u00e1cil, r\u00e1pido e seguro realizar suas compras dos produtos Dirce Alves! Clique no bot\u00e3o abaixo do PAGSEGURO que aceita v\u00e1rios cart\u00f5es e receba este produto em sua casa!<\/p>\n","protected":false},"excerpt":{"rendered":"<p>CONDICIONADOR CAPILAR DE CAL\u00caNDULA DIRCE ALVES : Cal\u00eandula \u00e9 um g\u00eanero de plantas pertencentes \u00e0 fam\u00edlia Asteraceae, vulgarmente chamadas cal\u00eandulas ou maravilhas. \u00c9 na fabrica\u00e7\u00e3o de cosm\u00e9ticos que a cal\u00eandula faz o seu reinado: os diversos princ\u00edpios ativos da planta s\u00e3o respons\u00e1veis pelos eficientes efeitos no tratamento de pele e cabelos. A calendulina, por exemplo, [&hellip;]<\/p>\n","protected":false},"featured_media":3853,"comment_status":"open","ping_status":"closed","template":"","meta":{"site-sidebar-layout":"default","site-content-layout":"default","ast-site-content-layout":"default","site-content-style":"default","site-sidebar-style":"default","ast-global-header-display":"","ast-banner-title-visibility":"","ast-main-header-display":"","ast-hfb-above-header-display":"","ast-hfb-below-header-display":"","ast-hfb-mobile-header-display":"","site-post-title":"","ast-breadcrumbs-content":"","ast-featured-img":"","footer-sml-layout":"","ast-disable-related-posts":"","theme-transparent-header-meta":"default","adv-header-id-meta":"","stick-header-meta":"","header-above-stick-meta":"","header-main-stick-meta":"","header-below-stick-meta":"","astra-migrate-meta-layouts":"set","ast-page-background-enabled":"default","ast-page-background-meta":{"desktop":{"background-color":"","background-image":"","background-repeat":"repeat","background-position":"center center","background-size":"auto","background-attachment":"scroll","background-type":"","background-media":"","overlay-type":"","overlay-color":"","overlay-opacity":"","overlay-gradient":""},"tablet":{"background-color":"","background-image":"","background-repeat":"repeat","background-position":"center center","background-size":"auto","background-attachment":"scroll","background-type":"","background-media":"","overlay-type":"","overlay-color":"","overlay-opacity":"","overlay-gradient":""},"mobile":{"background-color":"","background-image":"","background-repeat":"repeat","background-position":"center center","background-size":"auto","background-attachment":"scroll","background-type":"","background-media":"","overlay-type":"","overlay-color":"","overlay-opacity":"","overlay-gradient":""}},"ast-content-background-meta":{"desktop":{"background-color":"var(--ast-global-color-5)","background-image":"","background-repeat":"repeat","background-position":"center center","background-size":"auto","background-attachment":"scroll","background-type":"","background-media":"","overlay-type":"","overlay-color":"","overlay-opacity":"","overlay-gradient":""},"tablet":{"background-color":"var(--ast-global-color-5)","background-image":"","background-repeat":"repeat","background-position":"center center","background-size":"auto","background-attachment":"scroll","background-type":"","background-media":"","overlay-type":"","overlay-color":"","overlay-opacity":"","overlay-gradient":""},"mobile":{"background-color":"var(--ast-global-color-5)","background-image":"","background-repeat":"repeat","background-position":"center center","background-size":"auto","background-attachment":"scroll","background-type":"","background-media":"","overlay-type":"","overlay-color":"","overlay-opacity":"","overlay-gradient":""}}},"product_brand":[],"product_cat":[19,26],"product_tag":[],"class_list":{"0":"post-3852","1":"product","2":"type-product","3":"status-publish","4":"has-post-thumbnail","6":"product_cat-cosmeticos","7":"product_cat-produtos","8":"desktop-align-center","9":"tablet-align-center","10":"mobile-align-center","12":"first","13":"instock","14":"shipping-taxable","15":"purchasable","16":"product-type-simple"},"_links":{"self":[{"href":"https:\/\/www.dircealves.com.br\/ljda\/wp-json\/wp\/v2\/product\/3852","targetHints":{"allow":["GET"]}}],"collection":[{"href":"https:\/\/www.dircealves.com.br\/ljda\/wp-json\/wp\/v2\/product"}],"about":[{"href":"https:\/\/www.dircealves.com.br\/ljda\/wp-json\/wp\/v2\/types\/product"}],"replies":[{"embeddable":true,"href":"https:\/\/www.dircealves.com.br\/ljda\/wp-json\/wp\/v2\/comments?post=3852"}],"wp:featuredmedia":[{"embeddable":true,"href":"https:\/\/www.dircealves.com.br\/ljda\/wp-json\/wp\/v2\/media\/3853"}],"wp:attachment":[{"href":"https:\/\/www.dircealves.com.br\/ljda\/wp-json\/wp\/v2\/media?parent=3852"}],"wp:term":[{"taxonomy":"product_brand","embeddable":true,"href":"https:\/\/www.dircealves.com.br\/ljda\/wp-json\/wp\/v2\/product_brand?post=3852"},{"taxonomy":"product_cat","embeddable":true,"href":"https:\/\/www.dircealves.com.br\/ljda\/wp-json\/wp\/v2\/product_cat?post=3852"},{"taxonomy":"product_tag","embeddable":true,"href":"https:\/\/www.dircealves.com.br\/ljda\/wp-json\/wp\/v2\/product_tag?post=3852"}],"curies":[{"name":"wp","href":"https:\/\/api.w.org\/{rel}","templated":true}]}}